{"version":"1.0","provider_name":"St\u0159\u00edh\u00e1n\u00ed ps\u016f Elen","provider_url":"https:\/\/psi-salon.eleninadilna.cz\/domains\/psi-salon.eleninadilna.cz","author_name":"eleninadilna","author_url":"https:\/\/psi-salon.eleninadilna.cz\/domains\/psi-salon.eleninadilna.cz\/author\/eleninadilna\/","title":"Ochrana osobnich udaju","type":"rich","width":600,"height":338,"html":"<blockquote class=\"wp-embedded-content\" data-secret=\"idCJNginvo\"><a href=\"https:\/\/psi-salon.eleninadilna.cz\/domains\/psi-salon.eleninadilna.cz\/ochrana-osobnich-udaju\/\">Ochrana osobnich udaju<\/a><\/blockquote><iframe sandbox=\"allow-scripts\" security=\"restricted\" src=\"https:\/\/psi-salon.eleninadilna.cz\/domains\/psi-salon.eleninadilna.cz\/ochrana-osobnich-udaju\/embed\/#?secret=idCJNginvo\" width=\"600\" height=\"338\" title=\"&#8222;Ochrana osobnich udaju&#8220; &#8212; St\u0159\u00edh\u00e1n\u00ed ps\u016f Elen\" data-secret=\"idCJNginvo\" frameborder=\"0\" marginwidth=\"0\" marginheight=\"0\" scrolling=\"no\" class=\"wp-embedded-content\"><\/iframe><script>\n\/*! This file is auto-generated *\/\n!function(d,l){\"use strict\";l.querySelector&&d.addEventListener&&\"undefined\"!=typeof URL&&(d.wp=d.wp||{},d.wp.receiveEmbedMessage||(d.wp.receiveEmbedMessage=function(e){var t=e.data;if((t||t.secret||t.message||t.value)&&!\/[^a-zA-Z0-9]\/.test(t.secret)){for(var s,r,n,a=l.querySelectorAll('iframe[data-secret=\"'+t.secret+'\"]'),o=l.querySelectorAll('blockquote[data-secret=\"'+t.secret+'\"]'),c=new RegExp(\"^https?:$\",\"i\"),i=0;i<o.length;i++)o[i].style.display=\"none\";for(i=0;i<a.length;i++)s=a[i],e.source===s.contentWindow&&(s.removeAttribute(\"style\"),\"height\"===t.message?(1e3<(r=parseInt(t.value,10))?r=1e3:~~r<200&&(r=200),s.height=r):\"link\"===t.message&&(r=new URL(s.getAttribute(\"src\")),n=new URL(t.value),c.test(n.protocol))&&n.host===r.host&&l.activeElement===s&&(d.top.location.href=t.value))}},d.addEventListener(\"message\",d.wp.receiveEmbedMessage,!1),l.addEventListener(\"DOMContentLoaded\",function(){for(var e,t,s=l.querySelectorAll(\"iframe.wp-embedded-content\"),r=0;r<s.length;r++)(t=(e=s[r]).getAttribute(\"data-secret\"))||(t=Math.random().toString(36).substring(2,12),e.src+=\"#?secret=\"+t,e.setAttribute(\"data-secret\",t)),e.contentWindow.postMessage({message:\"ready\",secret:t},\"*\")},!1)))}(window,document);\n<\/script>\n","description":"Z\u00e1sady zpracov\u00e1n\u00ed osobn\u00edch \u00fadaj\u016f C\u00edlem t\u011bchto Z\u00e1sad zpracov\u00e1n\u00ed osobn\u00edch \u00fadaj\u016f pro z\u00e1kazn\u00edky dle GDPR (\u201eZ\u00e1sady\u201c) vydan\u00fdch firmou&nbsp;Elenina d\u00edlna\u2013Olena Czerner, se s\u00eddlem&nbsp;Doln\u00ed Marklovice \u010d.4, 735 72 Petrovice u Karvin\u00e9, I\u010cO:&nbsp;19767331, zaps\u00e1no na \u00fa\u0159adu p\u0159\u00edslu\u0161n\u00e9m podle \u00a771 odst.2 \u017eivnostensk\u00e9ho z\u00e1kona:&nbsp;Magistr\u00e1t m\u011bsta Karvin\u00e9, je poskytnout informace o tom, jak\u00e9 osobn\u00ed \u00fadaje (d\u00e1le tak\u00e9 \u201e\u00fadaje\u201c) firma jako spr\u00e1vce zpracov\u00e1v\u00e1 [&hellip;]","thumbnail_url":"https:\/\/psi-salon.eleninadilna.cz\/domains\/psi-salon.eleninadilna.cz\/wp-content\/uploads\/2025\/03\/3-scaled.jpg","thumbnail_width":2560,"thumbnail_height":1719}

Stříhání psů Elen

<blockquote class="wp-embedded-content" data-secret="idCJNginvo"><a href="https://psi-salon.eleninadilna.cz/domains/psi-salon.eleninadilna.cz/ochrana-osobnich-udaju/">Ochrana osobnich udaju</a></blockquote><iframe sandbox="allow-scripts" security="restricted" src="https://psi-salon.eleninadilna.cz/domains/psi-salon.eleninadilna.cz/ochrana-osobnich-udaju/embed/#?secret=idCJNginvo" width="600" height="338" title="&#8222;Ochrana osobnich udaju&#8220; &#8212; Stříhání psů Elen" data-secret="idCJNginvo" frameborder="0" marginwidth="0" marginheight="0" scrolling="no" class="wp-embedded-content"></iframe><script>
/*! This file is auto-generated */
!function(d,l){"use strict";l.querySelector&&d.addEventListener&&"undefined"!=typeof URL&&(d.wp=d.wp||{},d.wp.receiveEmbedMessage||(d.wp.receiveEmbedMessage=function(e){var t=e.data;if((t||t.secret||t.message||t.value)&&!/[^a-zA-Z0-9]/.test(t.secret)){for(var s,r,n,a=l.querySelectorAll('iframe[data-secret="'+t.secret+'"]'),o=l.querySelectorAll('blockquote[data-secret="'+t.secret+'"]'),c=new RegExp("^https?:$","i"),i=0;i<o.length;i++)o[i].style.display="none";for(i=0;i<a.length;i++)s=a[i],e.source===s.contentWindow&&(s.removeAttribute("style"),"height"===t.message?(1e3<(r=parseInt(t.value,10))?r=1e3:~~r<200&&(r=200),s.height=r):"link"===t.message&&(r=new URL(s.getAttribute("src")),n=new URL(t.value),c.test(n.protocol))&&n.host===r.host&&l.activeElement===s&&(d.top.location.href=t.value))}},d.addEventListener("message",d.wp.receiveEmbedMessage,!1),l.addEventListener("DOMContentLoaded",function(){for(var e,t,s=l.querySelectorAll("iframe.wp-embedded-content"),r=0;r<s.length;r++)(t=(e=s[r]).getAttribute("data-secret"))||(t=Math.random().toString(36).substring(2,12),e.src+="#?secret="+t,e.setAttribute("data-secret",t)),e.contentWindow.postMessage({message:"ready",secret:t},"*")},!1)))}(window,document);
</script>

Zásady zpracování osobních údajů Cílem těchto Zásad zpracování osobních údajů pro zákazníky dle GDPR („Zásady“) vydaných firmou&nbsp;Elenina dílna–Olena Czerner, se sídlem&nbsp;Dolní Marklovice č.4, 735 72 Petrovice u Karviné, IČO:&nbsp;19767331, zapsáno na úřadu příslušném podle §71 odst.2 živnostenského zákona:&nbsp;Magistrát města Karviné, je poskytnout informace o tom, jaké osobní údaje (dále také „údaje“) firma jako správce zpracovává [&hellip;]
