{"id":37,"date":"2025-03-13T10:46:35","date_gmt":"2025-03-13T10:46:35","guid":{"rendered":"https:\/\/psi-salon.eleninadilna.cz\/domains\/psi-salon.eleninadilna.cz\/o-nas\/"},"modified":"2025-03-17T16:03:51","modified_gmt":"2025-03-17T16:03:51","slug":"o-nas","status":"publish","type":"page","link":"https:\/\/psi-salon.eleninadilna.cz\/domains\/psi-salon.eleninadilna.cz\/o-nas\/","title":{"rendered":"O N\u00e1s"},"content":{"rendered":"\n<div class=\"wp-block-group alignfull has-easy-color-ai-5-background-color has-background has-global-padding is-layout-constrained wp-container-core-group-is-layout-f4f6d62c wp-block-group-is-layout-constrained\" id=\"about\" style=\"margin-top:0px;margin-bottom:0px;padding-top:var(--wp--preset--spacing--70);padding-right:var(--wp--preset--spacing--40);padding-bottom:var(--wp--preset--spacing--70);padding-left:var(--wp--preset--spacing--40)\">\n<div class=\"wp-block-columns alignwide are-vertically-aligned-center is-layout-flex wp-container-core-columns-is-layout-7c259964 wp-block-columns-is-layout-flex\" style=\"margin-top:0;margin-bottom:0;padding-right:var(--wp--preset--spacing--60);padding-left:var(--wp--preset--spacing--60)\">\n<div class=\"wp-block-column is-vertically-aligned-center has-medium-font-size is-layout-flow wp-container-core-column-is-layout-30a78a81 wp-block-column-is-layout-flow\" style=\"padding-top:0;padding-right:0;padding-bottom:0;padding-left:0;flex-basis:100%\">\n<h5 class=\"wp-block-heading has-text-align-center is-style-default has-easy-color-ai-1-color has-text-color has-link-color wp-elements-a994d10f79d78788040a71109ffcb630\">S n\u00e1mi va\u0161i pejsci budou v\u017edy \u0161\u0165astn\u00ed a kr\u00e1sn\u00ed!<\/h5>\n\n\n\n<h2 class=\"wp-block-heading has-text-align-center is-style-default has-easy-color-ai-6-color has-text-color has-link-color wp-elements-2ba70152201fd8f86ee045646e32ec3f\" style=\"padding-top:0;padding-bottom:0\">O n\u00e1s<\/h2>\n\n\n\n<div class=\"wp-block-columns is-layout-flex wp-container-core-columns-is-layout-d877887f wp-block-columns-is-layout-flex\" style=\"padding-top:var(--wp--preset--spacing--60);padding-bottom:var(--wp--preset--spacing--60)\">\n<div class=\"wp-block-column is-layout-flow wp-block-column-is-layout-flow\">\n<p>Po dlouh\u00fdch letech zku\u0161enost\u00ed v oboru st\u0159\u00edh\u00e1n\u00ed ps\u016f jsme se rozhodli otev\u0159\u00edt vlastn\u00ed ps\u00ed sal\u00f3n.<\/p>\n<\/div>\n\n\n\n<div class=\"wp-block-column is-layout-flow wp-block-column-is-layout-flow\">\n<p>Na\u0161e filozofie spo\u010d\u00edv\u00e1 v tom, \u017ee ka\u017ed\u00fd pejsek je jedine\u010dn\u00fd a zaslou\u017e\u00ed si individu\u00e1ln\u00ed p\u00e9\u010di. Proto se v\u017edy sna\u017e\u00edme porozum\u011bt pot\u0159eb\u00e1m va\u0161eho mazl\u00ed\u010dka a p\u0159izp\u016fsobit na\u0161e slu\u017eby pr\u00e1v\u011b jemu.<\/p>\n<\/div>\n<\/div>\n<\/div>\n<\/div>\n\n\n\n<div class=\"wp-block-columns alignwide are-vertically-aligned-center is-layout-flex wp-container-core-columns-is-layout-cad298ab wp-block-columns-is-layout-flex\" style=\"padding-right:var(--wp--preset--spacing--60);padding-left:var(--wp--preset--spacing--60)\">\n<div class=\"wp-block-column is-vertically-aligned-center has-medium-font-size is-layout-flow wp-container-core-column-is-layout-b2a27621 wp-block-column-is-layout-flow\" style=\"padding-top:0;padding-right:0;padding-bottom:0;padding-left:0;flex-basis:100%\">\n<div class=\"wp-block-cover is-light has-text-color\" style=\"border-radius:30px;color:#ffffff00;min-height:400px;aspect-ratio:unset;\"><span aria-hidden=\"true\" class=\"wp-block-cover__background has-background-dim-0 has-background-dim\" style=\"background-color:#9b9793\"><\/span><img decoding=\"async\" class=\"wp-block-cover__image-background wp-image-3112\" alt=\"\" src=\"https:\/\/psi-salon.eleninadilna.cz\/domains\/psi-salon.eleninadilna.cz\/wp-content\/uploads\/2025\/03\/pexels-photo-6235118.jpeg\" data-object-fit=\"cover\"\/><div class=\"wp-block-cover__inner-container has-global-padding is-layout-constrained wp-block-cover-is-layout-constrained\">\n<p class=\"has-text-align-center has-large-font-size\"><\/p>\n<\/div><\/div>\n<\/div>\n<\/div>\n<\/div>\n\n\n\n<div class=\"wp-block-group alignfull has-global-padding is-layout-constrained wp-container-core-group-is-layout-b259e554 wp-block-group-is-layout-constrained\" id=\"content\" style=\"margin-top:0px;margin-bottom:0px;padding-top:var(--wp--preset--spacing--70);padding-right:var(--wp--preset--spacing--40);padding-bottom:var(--wp--preset--spacing--70);padding-left:var(--wp--preset--spacing--40)\">\n<div class=\"wp-block-columns alignwide are-vertically-aligned-center has-easy-color-ai-6-color has-text-color has-link-color wp-elements-d892719afa15b25b23eff06bd87991de is-layout-flex wp-container-core-columns-is-layout-418e9f55 wp-block-columns-is-layout-flex\" style=\"border-radius:6px;padding-top:0;padding-right:var(--wp--preset--spacing--50);padding-bottom:0;padding-left:var(--wp--preset--spacing--40)\">\n<div class=\"wp-block-column is-vertically-aligned-center is-layout-flow wp-block-column-is-layout-flow\" style=\"padding-top:var(--wp--preset--spacing--60);padding-right:var(--wp--preset--spacing--70);padding-bottom:var(--wp--preset--spacing--60);padding-left:var(--wp--preset--spacing--70)\">\n<h2 class=\"wp-block-heading has-text-align-center has-easy-color-ai-6-color has-text-color has-link-color wp-elements-6984b671c340582a1b89263b761dbade\">P\u0159\u00edb\u011bh na\u0161eho sal\u00f3nu<\/h2>\n\n\n\n<p class=\"has-text-align-center has-easy-color-ai-6-color has-text-color has-link-color wp-elements-63678babd52b93d24a9f58964fef83c2\" style=\"font-size:clamp(0.929rem, 0.929rem + ((1vw - 0.2rem) * 0.785), 1.4rem);\">N\u00e1\u0161 sal\u00f3n pro st\u0159\u00edh\u00e1n\u00ed ps\u016f byl otev\u0159en s jedin\u00fdm c\u00edlem &#8211; poskytnout profesion\u00e1ln\u00ed p\u00e9\u010di a radost z kr\u00e1sn\u011b upraven\u00fdch ps\u00edch srst\u00ed.<\/p>\n<\/div>\n<\/div>\n\n\n\n<div class=\"wp-block-columns alignwide has-easy-color-ai-6-color has-text-color has-link-color wp-elements-05a8d0efaf473671005508b83f5acd25 is-layout-flex wp-container-core-columns-is-layout-f908d377 wp-block-columns-is-layout-flex\" style=\"border-radius:6px;padding-top:0;padding-right:var(--wp--preset--spacing--60);padding-bottom:0;padding-left:var(--wp--preset--spacing--60)\">\n<div class=\"wp-block-column is-vertically-aligned-center is-layout-flow wp-block-column-is-layout-flow\" style=\"padding-top:0;padding-right:0;padding-bottom:0;padding-left:0;flex-basis:35%\">\n<h3 class=\"wp-block-heading has-easy-color-ai-6-color has-text-color has-link-color wp-elements-d7d13fd8d7c6e09ce5e954a903770535\" style=\"font-size:clamp(15.747px, 0.984rem + ((1vw - 3.2px) * 0.86), 24px);font-style:normal;font-weight:700\">Kdo jsme?<\/h3>\n\n\n\n<p class=\"has-easy-color-ai-6-color has-text-color has-link-color wp-elements-e90765cbcfeda4f81ccccfa99f52d240\">Jsme t\u00fdm pe\u010dliv\u00fdch profesion\u00e1l\u016f, kte\u0159\u00ed maj\u00ed siln\u00fd vztah k ps\u016fm a jejich pohod\u011b.<\/p>\n\n\n\n<p class=\"has-easy-color-ai-6-color has-text-color has-link-color wp-elements-46b3a24c0c9d3666e2af25b1885ac843\">Spojila n\u00e1s l\u00e1ska k ps\u016fm a touha poskytovat jim \u0161pi\u010dkov\u00e9 slu\u017eby v oblasti p\u00e9\u010de o srst.<\/p>\n<\/div>\n\n\n\n<div class=\"wp-block-column is-vertically-aligned-center is-layout-flow wp-container-core-column-is-layout-f0955427 wp-block-column-is-layout-flow\" style=\"padding-top:0;padding-right:0;padding-bottom:0;padding-left:0;flex-basis:30%\">\n<figure class=\"wp-block-image size-large has-custom-border is-style-rounded is-style-rounded--1\"><img decoding=\"async\" src=\"https:\/\/psi-salon.eleninadilna.cz\/domains\/psi-salon.eleninadilna.cz\/wp-content\/uploads\/2025\/03\/pexels-photo-19145889.jpeg\" alt=\"\" style=\"border-radius:30px;aspect-ratio:3\/4;object-fit:cover\"\/><\/figure>\n<\/div>\n\n\n\n<div class=\"wp-block-column is-vertically-aligned-center is-layout-flow wp-block-column-is-layout-flow\" style=\"padding-top:0;padding-right:0;padding-bottom:0;padding-left:0;flex-basis:35%\">\n<h3 class=\"wp-block-heading has-easy-color-ai-6-color has-text-color has-link-color wp-elements-1c591668d722fb240b43e5cd7c04d191\" style=\"font-size:clamp(15.747px, 0.984rem + ((1vw - 3.2px) * 0.86), 24px);font-style:normal;font-weight:700\">Na\u0161e motivace<\/h3>\n\n\n\n<p class=\"has-easy-color-ai-6-color has-text-color has-link-color wp-elements-85ce3f7277410d306b497ed48d3fd4c9\">Jsme motivov\u00e1ni spokojen\u00fdmi z\u00e1kazn\u00edky a jejich \u0161\u0165astn\u00fdmi mazl\u00ed\u010dky.<\/p>\n\n\n\n<p class=\"has-easy-color-ai-6-color has-text-color has-link-color wp-elements-9cecb65d48b503d899e61a8f27a5de7a\">Pevn\u011b v\u011b\u0159\u00edme, \u017ee ka\u017ed\u00fd pes si zaslou\u017e\u00ed b\u00fdt upraven s l\u00e1skou a p\u00e9\u010d\u00ed, a to je hlavn\u00ed motivac\u00ed na\u0161\u00ed pr\u00e1ce.<\/p>\n<\/div>\n<\/div>\n<\/div>\n\n\n\n<div class=\"wp-block-group alignfull has-global-padding is-layout-constrained wp-container-core-group-is-layout-b259e554 wp-block-group-is-layout-constrained\" id=\"content-5\" style=\"margin-top:0px;margin-bottom:0px;padding-top:var(--wp--preset--spacing--70);padding-right:var(--wp--preset--spacing--40);padding-bottom:var(--wp--preset--spacing--70);padding-left:var(--wp--preset--spacing--40)\"><\/div>\n\n\n\n<div class=\"wp-block-group alignfull has-easy-color-ai-5-variant-2-background-color has-background has-global-padding is-layout-constrained wp-container-core-group-is-layout-b259e554 wp-block-group-is-layout-constrained\" id=\"counters\" style=\"border-radius:0px;margin-top:0px;margin-bottom:0px;padding-top:var(--wp--preset--spacing--70);padding-right:var(--wp--preset--spacing--40);padding-bottom:var(--wp--preset--spacing--70);padding-left:var(--wp--preset--spacing--40)\"><\/div>\n\n\n\n<div class=\"wp-block-group alignfull has-easy-color-ai-5-color has-easy-color-ai-1-background-color has-text-color has-background has-link-color wp-elements-58eaaef70150c81c1327962b9afc1368 has-global-padding is-layout-constrained wp-container-core-group-is-layout-83d7858f wp-block-group-is-layout-constrained\" id=\"call-to-action-2\" style=\"margin-top:0px;margin-bottom:0px;padding-top:var(--wp--preset--spacing--60);padding-right:var(--wp--preset--spacing--40);padding-bottom:var(--wp--preset--spacing--60);padding-left:var(--wp--preset--spacing--40)\">\n<div class=\"wp-block-columns alignwide is-layout-flex wp-container-core-columns-is-layout-69a27b79 wp-block-columns-is-layout-flex\" style=\"margin-top:0;margin-bottom:0;padding-top:var(--wp--preset--spacing--60);padding-right:var(--wp--preset--spacing--70);padding-bottom:var(--wp--preset--spacing--60);padding-left:var(--wp--preset--spacing--70)\">\n<div class=\"wp-block-column is-layout-flow wp-container-core-column-is-layout-bc0920cf wp-block-column-is-layout-flow\" style=\"padding-top:var(--wp--preset--spacing--50);padding-right:0;padding-bottom:var(--wp--preset--spacing--50);padding-left:0\">\n<h2 class=\"wp-block-heading has-text-align-left has-easy-color-ai-5-color has-text-color has-link-color has-x-large-font-size wp-elements-0e2437254d48559aa34cb51a0195f0ae\">Rezervujte si sv\u016fj term\u00edn hned te\u010f! <strong><mark style=\"background-color:rgba(0, 0, 0, 0)\" class=\"has-inline-color has-easy-color-ai-6-color\">+420 770 601 861<\/mark><\/strong><\/h2>\n<\/div>\n<\/div>\n<\/div>\n","protected":false},"excerpt":{"rendered":"<p>S n\u00e1mi va\u0161i pejsci budou v\u017edy \u0161\u0165astn\u00ed a kr\u00e1sn\u00ed! O n\u00e1s Po dlouh\u00fdch letech zku\u0161enost\u00ed v oboru st\u0159\u00edh\u00e1n\u00ed ps\u016f jsme se rozhodli otev\u0159\u00edt vlastn\u00ed ps\u00ed sal\u00f3n. Na\u0161e filozofie spo\u010d\u00edv\u00e1 v tom, \u017ee ka\u017ed\u00fd pejsek je jedine\u010dn\u00fd a zaslou\u017e\u00ed si individu\u00e1ln\u00ed p\u00e9\u010di. Proto se v\u017edy sna\u017e\u00edme porozum\u011bt pot\u0159eb\u00e1m va\u0161eho mazl\u00ed\u010dka a p\u0159izp\u016fsobit na\u0161e slu\u017eby pr\u00e1v\u011b jemu. [&hellip;]<\/p>\n","protected":false},"author":1,"featured_media":0,"parent":0,"menu_order":0,"comment_status":"closed","ping_status":"closed","template":"","meta":{"footnotes":""},"class_list":["post-37","page","type-page","status-publish","hentry"],"espresso_ai_page_context":{"short_desc":"Str\u00e1nka by m\u011bla obsahovat informace o historii a filozofii na\u0161eho ps\u00edho sal\u00f3nu. M\u016f\u017eete zm\u00ednit, pro\u010d jsme se rozhodli otev\u0159\u00edt sal\u00f3n a co n\u00e1s motivuje. Tak\u00e9 m\u016f\u017eete p\u0159edstavit n\u00e1\u0161 t\u00fdm a jejich zku\u0161enosti.","purpose":"about","set_by_espresso":true,"isFrontPage":false},"yoast_head":"<!-- This site is optimized with the Yoast SEO Premium plugin v24.6 (Yoast SEO v24.6) - https:\/\/yoast.com\/wordpress\/plugins\/seo\/ -->\n<title>O N\u00e1s - St\u0159\u00edh\u00e1n\u00ed ps\u016f Elen<\/title>\n<meta name=\"robots\" content=\"index, follow, max-snippet:-1, max-image-preview:large, max-video-preview:-1\" \/>\n<link rel=\"canonical\" href=\"https:\/\/psi-salon.eleninadilna.cz\/domains\/psi-salon.eleninadilna.cz\/o-nas\/\" \/>\n<meta property=\"og:locale\" content=\"cs_CZ\" \/>\n<meta property=\"og:type\" content=\"article\" \/>\n<meta property=\"og:title\" content=\"O N\u00e1s\" \/>\n<meta property=\"og:description\" content=\"S n\u00e1mi va\u0161i pejsci budou v\u017edy \u0161\u0165astn\u00ed a kr\u00e1sn\u00ed! O n\u00e1s Po dlouh\u00fdch letech zku\u0161enost\u00ed v oboru st\u0159\u00edh\u00e1n\u00ed ps\u016f jsme se rozhodli otev\u0159\u00edt vlastn\u00ed ps\u00ed sal\u00f3n. Na\u0161e filozofie spo\u010d\u00edv\u00e1 v tom, \u017ee ka\u017ed\u00fd pejsek je jedine\u010dn\u00fd a zaslou\u017e\u00ed si individu\u00e1ln\u00ed p\u00e9\u010di. Proto se v\u017edy sna\u017e\u00edme porozum\u011bt pot\u0159eb\u00e1m va\u0161eho mazl\u00ed\u010dka a p\u0159izp\u016fsobit na\u0161e slu\u017eby pr\u00e1v\u011b jemu. [&hellip;]\" \/>\n<meta property=\"og:url\" content=\"https:\/\/psi-salon.eleninadilna.cz\/domains\/psi-salon.eleninadilna.cz\/o-nas\/\" \/>\n<meta property=\"og:site_name\" content=\"St\u0159\u00edh\u00e1n\u00ed ps\u016f Elen\" \/>\n<meta property=\"article:modified_time\" content=\"2025-03-17T16:03:51+00:00\" \/>\n<meta property=\"og:image\" content=\"https:\/\/psi-salon.eleninadilna.cz\/domains\/psi-salon.eleninadilna.cz\/wp-content\/uploads\/2025\/03\/3-scaled.jpg\" \/>\n\t<meta property=\"og:image:width\" content=\"2560\" \/>\n\t<meta property=\"og:image:height\" content=\"1719\" \/>\n\t<meta property=\"og:image:type\" content=\"image\/jpeg\" \/>\n<meta name=\"twitter:card\" content=\"summary_large_image\" \/>\n<meta name=\"twitter:label1\" content=\"Odhadovan\u00e1 doba \u010dten\u00ed\" \/>\n\t<meta name=\"twitter:data1\" content=\"2 minuty\" \/>\n<script type=\"application\/ld+json\" class=\"yoast-schema-graph\">{\"@context\":\"https:\/\/schema.org\",\"@graph\":[{\"@type\":\"WebPage\",\"@id\":\"https:\/\/psi-salon.eleninadilna.cz\/domains\/psi-salon.eleninadilna.cz\/o-nas\/\",\"url\":\"https:\/\/psi-salon.eleninadilna.cz\/domains\/psi-salon.eleninadilna.cz\/o-nas\/\",\"name\":\"O N\u00e1s - St\u0159\u00edh\u00e1n\u00ed ps\u016f Elen\",\"isPartOf\":{\"@id\":\"https:\/\/psi-salon.eleninadilna.cz\/domains\/psi-salon.eleninadilna.cz\/#website\"},\"primaryImageOfPage\":{\"@id\":\"https:\/\/psi-salon.eleninadilna.cz\/domains\/psi-salon.eleninadilna.cz\/o-nas\/#primaryimage\"},\"image\":{\"@id\":\"https:\/\/psi-salon.eleninadilna.cz\/domains\/psi-salon.eleninadilna.cz\/o-nas\/#primaryimage\"},\"thumbnailUrl\":\"https:\/\/psi-salon.eleninadilna.cz\/domains\/psi-salon.eleninadilna.cz\/wp-content\/uploads\/2025\/03\/pexels-photo-6235118.jpeg\",\"datePublished\":\"2025-03-13T10:46:35+00:00\",\"dateModified\":\"2025-03-17T16:03:51+00:00\",\"breadcrumb\":{\"@id\":\"https:\/\/psi-salon.eleninadilna.cz\/domains\/psi-salon.eleninadilna.cz\/o-nas\/#breadcrumb\"},\"inLanguage\":\"cs\",\"potentialAction\":[{\"@type\":\"ReadAction\",\"target\":[\"https:\/\/psi-salon.eleninadilna.cz\/domains\/psi-salon.eleninadilna.cz\/o-nas\/\"]}]},{\"@type\":\"ImageObject\",\"inLanguage\":\"cs\",\"@id\":\"https:\/\/psi-salon.eleninadilna.cz\/domains\/psi-salon.eleninadilna.cz\/o-nas\/#primaryimage\",\"url\":\"\",\"contentUrl\":\"\"},{\"@type\":\"BreadcrumbList\",\"@id\":\"https:\/\/psi-salon.eleninadilna.cz\/domains\/psi-salon.eleninadilna.cz\/o-nas\/#breadcrumb\",\"itemListElement\":[{\"@type\":\"ListItem\",\"position\":1,\"name\":\"Dom\u016f\",\"item\":\"https:\/\/psi-salon.eleninadilna.cz\/domains\/psi-salon.eleninadilna.cz\/\"},{\"@type\":\"ListItem\",\"position\":2,\"name\":\"O N\u00e1s\"}]},{\"@type\":\"WebSite\",\"@id\":\"https:\/\/psi-salon.eleninadilna.cz\/domains\/psi-salon.eleninadilna.cz\/#website\",\"url\":\"https:\/\/psi-salon.eleninadilna.cz\/domains\/psi-salon.eleninadilna.cz\/\",\"name\":\"St\u0159\u00edh\u00e1n\u00ed ps\u016f Elen\",\"description\":\"Nab\u00edz\u00edm slu\u017eby p\u00e9\u010de o mal\u00e9 psy, jako je nap\u0159\u00edklad st\u0159\u00edh\u00e1n\u00ed srsti, koup\u00e1n\u00ed, st\u0159\u00edh\u00e1n\u00ed dr\u00e1p\u016f a dal\u0161\u00ed \u00fapravy.\",\"publisher\":{\"@id\":\"https:\/\/psi-salon.eleninadilna.cz\/domains\/psi-salon.eleninadilna.cz\/#organization\"},\"potentialAction\":[{\"@type\":\"SearchAction\",\"target\":{\"@type\":\"EntryPoint\",\"urlTemplate\":\"https:\/\/psi-salon.eleninadilna.cz\/domains\/psi-salon.eleninadilna.cz\/?s={search_term_string}\"},\"query-input\":{\"@type\":\"PropertyValueSpecification\",\"valueRequired\":true,\"valueName\":\"search_term_string\"}}],\"inLanguage\":\"cs\"},{\"@type\":\"Organization\",\"@id\":\"https:\/\/psi-salon.eleninadilna.cz\/domains\/psi-salon.eleninadilna.cz\/#organization\",\"name\":\"Elenina d\u00edlna\",\"url\":\"https:\/\/psi-salon.eleninadilna.cz\/domains\/psi-salon.eleninadilna.cz\/\",\"logo\":{\"@type\":\"ImageObject\",\"inLanguage\":\"cs\",\"@id\":\"https:\/\/psi-salon.eleninadilna.cz\/domains\/psi-salon.eleninadilna.cz\/#\/schema\/logo\/image\/\",\"url\":\"https:\/\/psi-salon.eleninadilna.cz\/domains\/psi-salon.eleninadilna.cz\/wp-content\/uploads\/2025\/03\/1.png\",\"contentUrl\":\"https:\/\/psi-salon.eleninadilna.cz\/domains\/psi-salon.eleninadilna.cz\/wp-content\/uploads\/2025\/03\/1.png\",\"width\":2160,\"height\":2160,\"caption\":\"Elenina d\u00edlna\"},\"image\":{\"@id\":\"https:\/\/psi-salon.eleninadilna.cz\/domains\/psi-salon.eleninadilna.cz\/#\/schema\/logo\/image\/\"},\"ownershipFundingInfo\":\"https:\/\/psi-salon.eleninadilna.cz\/domains\/psi-salon.eleninadilna.cz\/o-nas\/\",\"ethicsPolicy\":\"https:\/\/psi-salon.eleninadilna.cz\/domains\/psi-salon.eleninadilna.cz\/ochrana-osobnich-udaju\/\"}]}<\/script>\n<!-- \/ Yoast SEO Premium plugin. -->","yoast_head_json":{"title":"O N\u00e1s - St\u0159\u00edh\u00e1n\u00ed ps\u016f Elen","robots":{"index":"index","follow":"follow","max-snippet":"max-snippet:-1","max-image-preview":"max-image-preview:large","max-video-preview":"max-video-preview:-1"},"canonical":"https:\/\/psi-salon.eleninadilna.cz\/domains\/psi-salon.eleninadilna.cz\/o-nas\/","og_locale":"cs_CZ","og_type":"article","og_title":"O N\u00e1s","og_description":"S n\u00e1mi va\u0161i pejsci budou v\u017edy \u0161\u0165astn\u00ed a kr\u00e1sn\u00ed! O n\u00e1s Po dlouh\u00fdch letech zku\u0161enost\u00ed v oboru st\u0159\u00edh\u00e1n\u00ed ps\u016f jsme se rozhodli otev\u0159\u00edt vlastn\u00ed ps\u00ed sal\u00f3n. Na\u0161e filozofie spo\u010d\u00edv\u00e1 v tom, \u017ee ka\u017ed\u00fd pejsek je jedine\u010dn\u00fd a zaslou\u017e\u00ed si individu\u00e1ln\u00ed p\u00e9\u010di. Proto se v\u017edy sna\u017e\u00edme porozum\u011bt pot\u0159eb\u00e1m va\u0161eho mazl\u00ed\u010dka a p\u0159izp\u016fsobit na\u0161e slu\u017eby pr\u00e1v\u011b jemu. [&hellip;]","og_url":"https:\/\/psi-salon.eleninadilna.cz\/domains\/psi-salon.eleninadilna.cz\/o-nas\/","og_site_name":"St\u0159\u00edh\u00e1n\u00ed ps\u016f Elen","article_modified_time":"2025-03-17T16:03:51+00:00","og_image":[{"width":2560,"height":1719,"url":"https:\/\/psi-salon.eleninadilna.cz\/domains\/psi-salon.eleninadilna.cz\/wp-content\/uploads\/2025\/03\/3-scaled.jpg","type":"image\/jpeg"}],"twitter_card":"summary_large_image","twitter_misc":{"Odhadovan\u00e1 doba \u010dten\u00ed":"2 minuty"},"schema":{"@context":"https:\/\/schema.org","@graph":[{"@type":"WebPage","@id":"https:\/\/psi-salon.eleninadilna.cz\/domains\/psi-salon.eleninadilna.cz\/o-nas\/","url":"https:\/\/psi-salon.eleninadilna.cz\/domains\/psi-salon.eleninadilna.cz\/o-nas\/","name":"O N\u00e1s - St\u0159\u00edh\u00e1n\u00ed ps\u016f Elen","isPartOf":{"@id":"https:\/\/psi-salon.eleninadilna.cz\/domains\/psi-salon.eleninadilna.cz\/#website"},"primaryImageOfPage":{"@id":"https:\/\/psi-salon.eleninadilna.cz\/domains\/psi-salon.eleninadilna.cz\/o-nas\/#primaryimage"},"image":{"@id":"https:\/\/psi-salon.eleninadilna.cz\/domains\/psi-salon.eleninadilna.cz\/o-nas\/#primaryimage"},"thumbnailUrl":"https:\/\/psi-salon.eleninadilna.cz\/domains\/psi-salon.eleninadilna.cz\/wp-content\/uploads\/2025\/03\/pexels-photo-6235118.jpeg","datePublished":"2025-03-13T10:46:35+00:00","dateModified":"2025-03-17T16:03:51+00:00","breadcrumb":{"@id":"https:\/\/psi-salon.eleninadilna.cz\/domains\/psi-salon.eleninadilna.cz\/o-nas\/#breadcrumb"},"inLanguage":"cs","potentialAction":[{"@type":"ReadAction","target":["https:\/\/psi-salon.eleninadilna.cz\/domains\/psi-salon.eleninadilna.cz\/o-nas\/"]}]},{"@type":"ImageObject","inLanguage":"cs","@id":"https:\/\/psi-salon.eleninadilna.cz\/domains\/psi-salon.eleninadilna.cz\/o-nas\/#primaryimage","url":"","contentUrl":""},{"@type":"BreadcrumbList","@id":"https:\/\/psi-salon.eleninadilna.cz\/domains\/psi-salon.eleninadilna.cz\/o-nas\/#breadcrumb","itemListElement":[{"@type":"ListItem","position":1,"name":"Dom\u016f","item":"https:\/\/psi-salon.eleninadilna.cz\/domains\/psi-salon.eleninadilna.cz\/"},{"@type":"ListItem","position":2,"name":"O N\u00e1s"}]},{"@type":"WebSite","@id":"https:\/\/psi-salon.eleninadilna.cz\/domains\/psi-salon.eleninadilna.cz\/#website","url":"https:\/\/psi-salon.eleninadilna.cz\/domains\/psi-salon.eleninadilna.cz\/","name":"St\u0159\u00edh\u00e1n\u00ed ps\u016f Elen","description":"Nab\u00edz\u00edm slu\u017eby p\u00e9\u010de o mal\u00e9 psy, jako je nap\u0159\u00edklad st\u0159\u00edh\u00e1n\u00ed srsti, koup\u00e1n\u00ed, st\u0159\u00edh\u00e1n\u00ed dr\u00e1p\u016f a dal\u0161\u00ed \u00fapravy.","publisher":{"@id":"https:\/\/psi-salon.eleninadilna.cz\/domains\/psi-salon.eleninadilna.cz\/#organization"},"potentialAction":[{"@type":"SearchAction","target":{"@type":"EntryPoint","urlTemplate":"https:\/\/psi-salon.eleninadilna.cz\/domains\/psi-salon.eleninadilna.cz\/?s={search_term_string}"},"query-input":{"@type":"PropertyValueSpecification","valueRequired":true,"valueName":"search_term_string"}}],"inLanguage":"cs"},{"@type":"Organization","@id":"https:\/\/psi-salon.eleninadilna.cz\/domains\/psi-salon.eleninadilna.cz\/#organization","name":"Elenina d\u00edlna","url":"https:\/\/psi-salon.eleninadilna.cz\/domains\/psi-salon.eleninadilna.cz\/","logo":{"@type":"ImageObject","inLanguage":"cs","@id":"https:\/\/psi-salon.eleninadilna.cz\/domains\/psi-salon.eleninadilna.cz\/#\/schema\/logo\/image\/","url":"https:\/\/psi-salon.eleninadilna.cz\/domains\/psi-salon.eleninadilna.cz\/wp-content\/uploads\/2025\/03\/1.png","contentUrl":"https:\/\/psi-salon.eleninadilna.cz\/domains\/psi-salon.eleninadilna.cz\/wp-content\/uploads\/2025\/03\/1.png","width":2160,"height":2160,"caption":"Elenina d\u00edlna"},"image":{"@id":"https:\/\/psi-salon.eleninadilna.cz\/domains\/psi-salon.eleninadilna.cz\/#\/schema\/logo\/image\/"},"ownershipFundingInfo":"https:\/\/psi-salon.eleninadilna.cz\/domains\/psi-salon.eleninadilna.cz\/o-nas\/","ethicsPolicy":"https:\/\/psi-salon.eleninadilna.cz\/domains\/psi-salon.eleninadilna.cz\/ochrana-osobnich-udaju\/"}]}},"_links":{"self":[{"href":"https:\/\/psi-salon.eleninadilna.cz\/domains\/psi-salon.eleninadilna.cz\/wp-json\/wp\/v2\/pages\/37","targetHints":{"allow":["GET"]}}],"collection":[{"href":"https:\/\/psi-salon.eleninadilna.cz\/domains\/psi-salon.eleninadilna.cz\/wp-json\/wp\/v2\/pages"}],"about":[{"href":"https:\/\/psi-salon.eleninadilna.cz\/domains\/psi-salon.eleninadilna.cz\/wp-json\/wp\/v2\/types\/page"}],"author":[{"embeddable":true,"href":"https:\/\/psi-salon.eleninadilna.cz\/domains\/psi-salon.eleninadilna.cz\/wp-json\/wp\/v2\/users\/1"}],"replies":[{"embeddable":true,"href":"https:\/\/psi-salon.eleninadilna.cz\/domains\/psi-salon.eleninadilna.cz\/wp-json\/wp\/v2\/comments?post=37"}],"version-history":[{"count":4,"href":"https:\/\/psi-salon.eleninadilna.cz\/domains\/psi-salon.eleninadilna.cz\/wp-json\/wp\/v2\/pages\/37\/revisions"}],"predecessor-version":[{"id":188,"href":"https:\/\/psi-salon.eleninadilna.cz\/domains\/psi-salon.eleninadilna.cz\/wp-json\/wp\/v2\/pages\/37\/revisions\/188"}],"wp:attachment":[{"href":"https:\/\/psi-salon.eleninadilna.cz\/domains\/psi-salon.eleninadilna.cz\/wp-json\/wp\/v2\/media?parent=37"}],"curies":[{"name":"wp","href":"https:\/\/api.w.org\/{rel}","templated":true}]}}